 116 - 103. Calculate the remainder when 38 is divided by s.
12
Let n = 7 - -1. Suppose -p - 2*p = -5*o + 44, 5*o - 4*p - 42 = 0. What is the remainder when 142/n - 2/(-8) is divided by o?
8
Suppose j - 7*q = -2*q + 8, 0 = j - 3*q - 6. Calculate the remainder when 6 - (2 - 1)/1 is divided by j.
2
Let i = 6 + -4. Suppose -5*j = -i*n - 60, 0 = -2*j + 3*n + 29 + 6. What is the remainder when j is divided by 3?
1
Suppose 0 = -8*y - y + 468. Calculate the remainder when y is divided by 27.
25
Suppose 3*c + 280 = 7*c. Calculate the remainder when c is divided by 19.
13
Suppose 5*q - 5*o - 1 = 114, 5*o - 75 = -5*q. What is the remainder when q is divided by ((-5)/(-4))/(4/16)?
4
Suppose 105 + 67 = 4*g. Let q = g - 27. Calculate the remainder when ((-1)/(-1))/(2/q) is divided by 5.
3
Suppose 147 = 5*k + t, -t - 60 = -2*k - 2*t. Suppose 2*p + k = 3*m - 8, 0 = 4*m + 3*p - 55. Let a = m + 2. Calculate the remainder when 58 is divided by a.
13
Let f(n) = 9*n - 6. Calculate the remainder when 62 is divided by f(3).
20
Suppose 0 + 22 = -2*c. Let z = -9 + 8. Let a = z - c. Calculate the remainder when 18 is divided by a.
8
Let r(n) = -n + 15. Let x be r(11). Suppose -x*y + 3*y - 5*q = -42, 2*y - 14 = 4*q. What is the remainder when 48 is divided by y?
14
Suppose 4*y - 6*y = -84. What is the remainder when y is divided by 11?
9
Let f(j) be the second derivative of j**5/20 - 7*j**4/12 + 7*j**3/6 - 2*j**2 + 2*j. Let l = -73 + 78. Calculate the remainder when l is divided by f(6).
1
Let j = 0 - -1. Let h = 5 - 2. Suppose -4*n - h*u = -0*n - 10, 4*n + 2*u = 8. Calculate the remainder when j is divided by n.
0
Let x = 18 + -56. Let v = 69 + x. What is the remainder when v is divided by 17?
14
Let t = 32 - 24. Calculate the remainder when t is divided by 2.
0
Let b(h) = 72*h**3 + h**2 - h. Let w be b(1). Let v = w - 34. What is the remainder when v is divided by 20?
18
Let y(b) = 7*b + 6. Calculate the remainder when y(4) is divided by 9.
7
Suppose 37 = 4*i - 3*i. What is the remainder when i is divided by 13?
11
Let f(h) = h**3 - h**2 + 1. Calculate the remainder when 131 is divided by f(3).
17
Let r = -4 - -9. Suppose 4*d + 11 = 3*x, r*d - 20 + 5 = -2*x. Suppose t - x*g - 2 = 0, 4*g = 2*t - 13 - 9. Calculate the remainder when 32 is divided by t.
15
Suppose -v - 2 + 5 = 0. Suppose 6 = 3*s + v. Calculate the remainder when 4 is divided by s.
0
Calculate the remainder when 600/45 - (-2)/(-6) is divided by 8.
5
Let x(v) = 11*v**2 - 2*v**2 + v**3 + 10*v + 8 - 4*v. Suppose 3*r - 10 - 19 = 2*j, 0 = -j + 5. Calculate the remainder when x(-8) is divided by r.
11
Suppose 4 = -c - c. Let s = 10 + c. What is the remainder when 14 is divided by s?
6
Let z be (-3)/(0 + 3) - -4. Let i(c) = c - 1. Let a be i(1). What is the remainder when 99/z + 1 + a is divided by 12?
10
Let y(o) = -o**3 - 8*o**2 - o - 7. Let n be y(-8). Let a = n + 4. Calculate the remainder when 13 is divided by a.
3
Suppose 4*w = -3*j + 37, -5*j + 2*w + 48 + 31 = 0. Calculate the remainder when 88 is divided by j.
13
Suppose -2*k = -i - 0*i + 5, -k - 8 = -i. Let u be 125/3 - 2/(-6). Suppose 0 = -4*z + 2*z + u. Calculate the remainder when z is divided by i.
10
Suppose 4*q + 0*v - 2*v = 80, -3*q + 4*v + 50 = 0. Let c(l) = 3*l**2 + 3*l. Let z be c(-3). What is the remainder when 5 is divided by q/8 + z/(-24)?
1
Suppose -t = 0, t - 4*t = f + 1. What is the remainder when 22 is divided by 1/(f/(-2)) - -10?
10
Let l(j) = -2 - j + 1 - 1. Let b = 7 + -6. What is the remainder when l(-4) is divided by b?
0
Let d = -44 + 63. Let a(u) = -2*u - 6. Let t be a(-6). Suppose c + t - d = 0. Calculate the remainder when c is divided by 7.
6
Let c = -22 - -28. Suppose 5*h - 190 = 4*b, -5*h + 200 - 10 = -5*b. Let k = h - c. Calculate the remainder when k is divided by 17.
15
Let a be (54/(-5))/((-6)/15). Suppose -6 = -q + n, n + 0*n + a = 4*q. What is the remainder when 13 is divided by q?
6
Let o(c) = -6*c. Let l(g) = g**3 - 13*g**2 - 2*g + 42. Calculate the remainder when l(13) is divided by o(-1).
4
Suppose 3*r + 2*x - 217 = 0, 5*x = -2*r + 54 + 109. What is the remainder when r is divided by 18?
15
Let c be -9*1 - (-3 - -5). Let k = -4 - c. What is the remainder when 13 is divided by k?
6
Let j(l) = 2*l + 5. Let v(r) = -r + 1. Let k be v(-6). What is the remainder when j(k) is divided by 5?
4
Let s(x) = -14*x - 2. Let v be s(-7). Suppose 0 = 6*p - 2*p - v. Suppose -5*a + p + 161 = 0. Calculate the remainder when a is divided by 19.
18
Suppose 2*b - 3*p = 67, 0*p = 4*b + 2*p - 142. Let a = 42 + -13. Suppose -7 = -3*g + a. What is the remainder when b is divided by g?
11
Let v(o) = o**2 - 6*o + 7. Let k = 3 + -1. Let p(q) = -q + 3. Calculate the remainder when v(5) is divided by p(k).
0
Let n(p) be the first derivative of p**2/2 + 5*p - 1. Let y be n(0). Suppose y = q - 2*b, 2*q - 1 = -3*q - 2*b. Calculate the remainder when 1 is divided by q.
0
Suppose 0 = -5*a - 2*d + 164, 0 = -3*a - 2*d + 6*d + 88. Let x be 42/(-4) - (-2)/4. Let c = x - -21. Calculate the remainder when a is divided by c.
10
Let a(q) = -q**3 + 14*q**2 - q + 19. Let j be a(14). Suppose -58 = -4*s - 2*x, 0 = -j*s - 5*x + 53 + 7. Calculate the remainder when s is divided by 9.
8
Suppose 0 = 5*h + 10, 4*m = -4*h + 17 + 11. Let a = -7 + 10. Suppose a*s - 2*t - 113 = 0, -4*s - 4*t - 24 = -148. What is the remainder when s is divided by m?
8
Let k = 47 + -44. Let g = 0 - -10. Calculate the remainder when g is divided by k.
1
Let k(u) = -u**3 + 7*u**2 - 5*u - 1. Let r(v) = v + 2. Let t be r(4). What is the remainder when k(6) is divided by (-3)/2*(-8)/t?
1
Suppose w - 23 = -i + 2, 2*w + 118 = 5*i. What is the remainder when i is divided by 13?
11
Suppose -4*j - 52 = 4*p + 8, j - 39 = 2*p. Let y = 20 + p. What is the remainder when 8 is divided by y?
0
Suppose -9*r = -6*r - 294. What is the remainder when r is divided by 10?
8
Suppose -7 = 4*m + 9, -152 = -3*c + 5*m. What is the remainder when c is divided by 9?
8
Let g = -17 - -60. Suppose 2*y = -2*b + 7*y + g, -2*b + 4*y + 40 = 0. Let j = -1 - -41. Calculate the remainder when j is divided by b.
12
Let w = -46 - -68. Calculate the remainder when 42 is divided by w.
20
What is the remainder when (30/(-9)*-1)/(2/27) is divided by 23?
22
Suppose 6 - 26 = -v. Calculate the remainder when 70 is divided by v.
10
Let d = -192 - -275. Calculate the remainder when d is divided by 28.
27
Let y = -9 + 21. Let j = y - 3. Let q = 9 - -8. Calculate the remainder when q is divided by j.
8
Suppose -4*m = -3*s + 9 + 10, -1 = m. Suppose q = -q + 4, s*k + 5*q - 70 = 0. What is the remainder when 44 is divided by k?
8
Suppose 5*x - y - 40 = 0, 3*y = -2*x - 1 - 0. Suppose q - 58 = -3*b, -2*b - 5*q = -10 - x. What is the remainder when (4 - 2)*1 + 59 is divided by b?
19
Suppose 2*k - 6*k + 24 = 0. Calculate the remainder when 107 is divided by k.
5
Suppose 5*h - 5 = -0*h. What is the remainder when (-2 - 1)*-20 - 3 is divided by h*(3 - 4) - -16?
12
Let q(x) = -9*x + 2. Calculate the remainder when q(-1) is divided by 6.
5
Let t(j) be the second derivative of j**3/6 - j**2/2 + 5*j. What is the remainder when 50 is divided by t(14)?
11
Let q = 20 - 10. What is the remainder when 55/3 + 2/3 is divided by q?
9
Let z = -142 - -186. What is the remainder when 261 is divided by z?
41
Let s = 39 - 19. Calculate the remainder when (-2 - -1) + -5 + 65 is divided by s.
19
Suppose -4*r - 144 = -4*z, -73 = -z - 2*z - 4*r. Calculate the remainder when z is divided by 11.
9
What is the remainder when 5 is divided by (-1)/(-5) - (1 + (-38)/10)?
2
Let m = -8 - -28. Suppose g = -4*g + 45. Suppose -2*c = -5 - g. Calculate the remainder when m is divided by c.
6
Suppose 3*p = 2*q - 22, 4*p + 11 = -2*q + q. Calculate the remainder when q is divided by 2.
1
Let t be (-5)/(-20) + 214/8. Let b = t - 11. Calculate the remainder when 61 is divided by b.
13
Let l = -11 + 38. Calculate the remainder when l is divided by 9.
0
Let p = 1 + 8. Suppose 44 - p = 5*j. Calculate the remainder when 12 is divided by j.
5
Suppose -7 = t - 2*g, 0 = -0*t - 2*t - 4*g + 10. Let l(h) = -19*h + 1. Let p be l(t). Suppose 0 = z + 3 - p. Calculate the remainder when 50 is divided by z.
16
Suppose -4*w + 4 = 0, 7*b - 2*b - 19 = w. Suppose -33 = -7*p + b*p. Let q(l) = -l**3 - 